2 = 2*g - z. Give a(g).
-7
Let k(a) = 3*a + 2*a**3 - 3 - 11*a**3 + 2 - a. Let o(m) = -18*m**3 + 4*m - 3. Let f(c) = 5*k(c) - 2*o(c). What is f(-1)?
8
Let q(x) = -4*x**2 - 16*x + 33. Let f(c) = c**2 + 4*c - 8. Let o(u) = -9*f(u) - 2*q(u). Give o(-5).
1
Let d(j) be the first derivative of -j**3/3 + j - 1. Suppose -h - 2*h + 13 = m, -3*m + 15 = 3*h. Calculate d(m).
0
Let b(v) be the third derivative of 0*v - 1/4*v**4 - 5/6*v**3 - v**2 + 0 - 1/120*v**6 - 1/10*v**5. Determine b(-5).
0
Let g(k) be the third derivative of 0*k + 9*k**2 + 0 - 2/3*k**3 - 1/24*k**4. What is g(-6)?
2
Let f(g) = g**3 + 5*g**2 + g. Let d be (-4)/2*(-2 - -3). Let t(s) = s**2 + 6*s + 3. Let w be t(d). Determine f(w).
-5
Let q(x) = 11*x**2 - 23*x + 12. Let p(h) = -5*h**2 + 11*h - 6. Let s(z) = -9*p(z) - 4*q(z). Let k be 1 + (-3)/((-3)/4). What is s(k)?
-4
Let l(q) = q**2 - 3. Let p(y) = -y - 2. Let m be p(-5). Give l(m).
6
Suppose -5*n = 5*a - 20, -3*a - 2*a + 20 = 3*n. Let r(b) = b - 8. Give r(a).
-4
Let c(m) be the first derivative of -m**4/4 - 2*m**3 - 5*m**2/2 + m - 18. Suppose -5*y = -0*y + 25. Calculate c(y).
1
Let i(n) = n**3 + 7*n**2 - n - 4. Let u be i(-7). Let d = u + 1. Let k(o) be the third derivative of o**5/60 - o**4/8 - 5*o**3/6 + o**2. Give k(d).
-1
Let w(i) = i**3 - 3*i**2. Let l be w(3). Let q(p) = -p - 1. What is q(l)?
-1
Suppose 0 = -24*l + 26*l - 10. Let w(n) = -n + 8. Give w(l).
3
Let f(l) = 5*l**3 + 1. Let m(z) = z + 4. Let q be m(-2). Suppose 3*x - 5 = -q*x. Calculate f(x).
6
Let z = 5 - 3. Suppose 3*r = 4*r - z. Let q(y) = -1 + 2*y**2 - 4*y + 6 - 2 - y**3. What is q(r)?
-5
Let r(f) = 11*f + 1. Suppose 3*j - 9 = -6. Determine r(j).
12
Let p = -22 - -17. Let y(d) = d**3 + 6*d**2 + 7*d - 2. Give y(p).
-12
Let m be 1/((0 - 1)/1). Suppose 3*d + 0*n = 4*n + 30, -3*n - 9 = 0. Let v(f) = -8 - 4*f + 3*f + d. Give v(m).
-1
Let h(t) be the second derivative of -t**5/20 + t**4/12 - t**2/2 - 80*t. Let z be 2/4 - (-9)/2. Suppose -z*f = -12 + 2. Determine h(f).
-5
Let t(i) = -2*i + 1. Let f = 11 + -5. Let b be 9/f*4/6. Determine t(b).
-1
Let j(q) = -q**2 - 6*q + 2. Let f be j(-5). Suppose f = -2*g + 17. Let h(o) = -o**2 + 5*o - 5. What is h(g)?
-5
Let o = -44 - -42. Let c(w) = -w**3 + 13*w**2 + 3. Let a(r) = -r**3 + 9*r**2 + 2. Let f(u) = 7*a(u) - 5*c(u). What is f(o)?
7
Let h(j) = j**2 + j - 1. Let m(a) = -a**3 + 10*a**2 + 14*a - 14. Let c(f) = -4*h(f) + m(f). Determine c(7).
11
Let d(v) = v + 7. Let j be d(-4). Let l(g) = -j - g + g - 2*g. Suppose -15 = -x - 4*q, x = 3*x - 2*q. What is l(x)?
-9
Let m(v) = -18*v - 2. Let b(i) = -9*i - 1. Let x(g) = -5*b(g) + 3*m(g). What is x(1)?
-10
Suppose -r - 15 = 4*r. Let o(c) be the first derivative of c**5/60 + c**4/8 + c**3/6 + c**2/2 + 1. Let x(t) be the second derivative of o(t). Determine x(r).
1
Let y(h) be the second derivative of h**4/12 - 3*h**2/2 + 2*h. Determine y(3).
6
Let j be 0 + 0 - 0 - -3. Let m(t) = -3*t**j + 3*t - 4 - 4*t**2 - 5*t + 4*t**3 + 0*t**3. Determine m(5).
11
Let i(z) be the third derivative of -z**5/60 + z**4/24 - z**2. Let a(f) = f**3 - 4*f**2 + 3*f - 2. Let m be a(2). Let q = m - -2. Calculate i(q).
-6
Let b = -69 + 74. Let d(x) = 2*x**2 - 5*x - 3. What is d(b)?
22
Let g(h) be the third derivative of h**6/360 - h**5/60 + h**3/6 - h**2. Let b(j) be the first derivative of g(j). Let n be 3 - (3 + -1 + -2). What is b(n)?
3
Let x(n) = 4*n**2 - 4*n - 1. Let b(m) = -9*m**2 + 7*m + 1. Let d(g) = 3*b(g) + 5*x(g). Let t(p) = -p**3. Let s(l) = d(l) - t(l). Give s(7).
5
Suppose 10 = 5*f - 0*f. Let o(j) = -24 + 0*j**2 + j**3 + 22 + 0*j**2. What is o(f)?
6
Let k(q) be the first derivative of q**4/4 + q**2/2 - 2*q + 26. Let d = -1 + 1. Determine k(d).
-2
Suppose 4*a + 5*s = 5, -9 = -2*a - 4*s + 1. Let t(i) be the first derivative of i**2 - 6*i - 5. Let f(p) = 3*p - 12. Let j(d) = 3*f(d) - 5*t(d). Calculate j(a).
-1
Let l(y) be the second derivative of -2*y + 0 - 2/3*y**3 + 0*y**2. What is l(-2)?
8
Let j(y) = 6*y**3 - 3*y**2 - 5. Let s(g) = -6*g**3 + 4*g**2 + 6. Let c(l) = -5*j(l) - 4*s(l). Give c(1).
-6
Let p(y) = 3*y - 1. Let a be p(1). Let f(u) = 0*u**2 - 4 + a*u**3 + 3*u + 4*u**2 + 0*u**2 - u**3. Calculate f(-3).
-4
Let t = 13 - 19. Let o(n) = n**2 + 5*n - 6. Give o(t).
0
Let i be (4 + (-28)/8)*-10. Let o(s) = -s**3 - 4*s**2 + 4*s - 5. Give o(i).
0
Let k(d) = 2*d**2 + 3*d - 2. Let f be (-1)/(3*1/15). Let z = f + 7. Calculate k(z).
12
Let c(s) be the first derivative of -s**3/3 - 2*s**2 - 41. Determine c(-2).
4
Suppose o + 3*v = 0, 4*v - 2 = -o - 0. Let n(h) = 3 + 4 - 4 + h**2 + 7*h. What is n(o)?
-3
Let u be (-3)/(-2) + 39/26. Let k(z) = -z - 1. Let s(x) = -6*x - 2. Let m(p) = 5*k(p) - s(p). What is m(u)?
0
Let w be 2/3 - 74/(-6). Let f be w/5 + (-14)/(-35). Let n(m) = 3*m + 4 - 2*m**2 - 3*m**2 + 3*m**2. Calculate n(f).
-5
Let g(z) = 7*z**2 + 10*z**2 - 13*z**2 - 1 - z. Determine g(-1).
4
Let m(w) = -w**3 - 6*w**2 - w. Suppose -7*b - 59 = -17. What is m(b)?
6
Let a(x) = 0*x**3 - x - 6 - 6*x**2 - x**3 + 0*x**3. Give a(-6).
0
Let i(v) = -4*v + 2*v**2 - 3*v**2 + 17 - 22. Determine i(-4).
-5
Suppose 6*d = 9*d. Let u(m) = 1 - 2*m + d + 3*m. Give u(1).
2
Let r be (-16)/(-3) + 18/27. Suppose q - r*q - 15 = 0. Let m(f) = -3*f - 2 + 3 + 4*f. Calculate m(q).
-2
Suppose -2*h - 23 = -3*x - 2, -5*x = -5*h - 40. Let t(c) = c**2 + 15373 - 4*c - 15373. What is t(x)?
5
Suppose -6*t + 23 = -1. Let a(h) be the second derivative of 0*h**2 + 0 - 1/12*h**t + 2*h + 1/2*h**5 + 1/6*h**3. Determine a(1).
10
Let u(h) = 4*h**2 + 1. Let g(w) = w**2 + w + 1. Let t(k) = 5*g(k) - u(k). Let m be 34/(-6) + 2/3. Determine t(m).
4
Let i(c) = c**2 + 16*c - 1 - 16*c. Calculate i(-3).
8
Let i(v) = v**2 - 5*v + 4. Let a = -3 - -6. Give i(a).
-2
Let b = 5 + 0. Let d(t) = -5*t**3 - 12*t**2 + 12*t - 1. Let h(v) = -v**3 - v**2 + v + 1. Let l(i) = d(i) - 6*h(i). Give l(b).
-2
Let m(o) = -19*o**3 + 4 + 34*o**3 - 14*o**3 + o**2. Calculate m(-3).
-14
Let b(t) = 2*t + 2. Let u = 3 + -5. Let h be 0 - -1 - 0/u. Let q = 1 + h. Give b(q).
6
Let f be (24/16)/(4/((-48)/(-9))). Let x(m) = m**2 - 1. What is x(f)?
3
Let m(d) = 12*d + 10. Let h(n) = n. Let y(x) = 10*h(x) - m(x). Give y(-7).
4
Suppose p - 5 = -3. Let s(b) = -3*b - 5. Let a(x) = 3*x + 6. Let i(h) = -3*a(h) - 4*s(h). Determine i(p).
8
Let l(b) = -b**3 + b**2 - 2*b - 2. Let n = -17 - -15. What is l(n)?
14
Let u(m) = m**3 + 5*m**2 + m - 7. Let w(h) = 6*h**3 - h. Let i be w(-1). Calculate u(i).
-12
Let b(p) be the second derivative of p**5/20 - p**4/3 + p**3/3 - 5*p**2/2 + 2*p. Calculate b(4).
3
Let r(s) = -4*s**2 - s**3 + 1 - 6*s + 9*s**2 + 5*s**3 - 3*s**3. What is r(-6)?
1
Suppose s - 4*s = -15. Let m(u) = -u**2 + 6*u. Let f be m(s). Let w(x) = -x**2 + 5*x + 1. Calculate w(f).
1
Let j(a) = 36*a. Let n(u) = -7*u. Let m(i) = 4*j(i) + 21*n(i). Suppose 2*z - 3*c + 1 + 6 = 0, 0 = 2*z - c + 5. Calculate m(z).
6
Let g(v) = -2 - 83*v + 80*v - 4. Give g(-4).
6
Let q be (-7)/(-1) + -2 + 0. Let o(i) = -i**2 + 7*i - 4. Let p(t) = -t**2 + 7*t - 5. Let f(v) = -4*o(v) + 3*p(v). What is f(q)?
-9
Let p(h) = h - 2 + 2 - 2. Give p(6).
4
Let q(r) = 5*r + 5 - 2 - 2. What is q(-1)?
-4
Suppose 2*b + 2*b + 4 = 0. Let c = -3 - -5. Let w(g) = -3*g**2 + c*g**2 + 2*g + 1 + 2*g**3 + 2*g**2 + g**2. Determine w(b).
-1
Let a(g) = -g**3 + 5*g**2. Suppose -5*q + 3 + 7 = 0. Let y be (40/48)/(q/12). Calculate a(y).
0
Let c(u) = 2*u + 2. Let n(p) = -p + 7 - 2*p + 8*p. Let d(l) = -8*c(l) + 3*n(l). Determine d(4).
1
Suppose -o + 6*o = 0. Suppose o = 3*z + k + 11, 3*k = -2*k - 25. Let u = z + 4. Let r(v) = v**2 + v - 2. Calculate r(u).
4
Let c(j) = 4*j**2 + 2*j + 1. Let v(l) = -l**2 + 4*l + 5. Let p be v(4). Suppose 0 = -4*k + p*x + 20 + 1, 2*k - 18 = 4*x. What is c(k)?
3
Let t(g) = -g**2 + 9*g - 4. Let i be t(8). Suppose -2*f + i*f - 8 = 0. Let z(l) = 2*l**3 - 3*l**2 + 0*l**3 - 4 + l - 5*l - l**3. Give z(f).
-4
Let x = -14 + 20. Let o be ((-2)/x)/((-3)/(-99)). Let a = o + 7. Let d(n) = -n. What is d(a)?
4
Let n(c) = -4*c**2 + c - 3. Let g(y) = y**2 + 7 - 7 + 3*y - 4*y. Let i(m) = 6*g(m) + n(m). Suppose -3*k = k - 16. Give i(k).
9
Let b(k) = -7*k**3 + 13*k**2 - 2*k + 20. Let p(f) = -11*f**3 + 19*f**2 - 3*f + 30. Let l(c) = 8*b(c) - 5*p(c). Determine l(9).
1
Let h be ((-20)/15)/(1/(-3)). Let d = 4 - h. Suppose -q = -d*q + 5, -3*m = q - 4. 